units digit of 14755?
5
What is the ten thousands digit of 14446?
1
What is the units digit of 484?
4
What is the hundreds digit of 306?
3
What is the hundreds digit of 6137?
1
What is the hundreds digit of 709?
7
What is the units digit of 2092?
2
What is the tens digit of 900?
0
What is the units digit of 1036?
6
What is the hundreds digit of 4888?
8
What is the hundreds digit of 24288?
2
What is the thousands digit of 6404?
6
What is the ten thousands digit of 19700?
1
What is the ten thousands digit of 18006?
1
What is the tens digit of 55767?
6
What is the ten thousands digit of 53074?
5
What is the units digit of 488?
8
What is the thousands digit of 6531?
6
What is the hundreds digit of 3040?
0
What is the hundreds digit of 3135?
1
What is the units digit of 415?
5
What is the tens digit of 7861?
6
What is the hundreds digit of 5432?
4
What is the thousands digit of 4525?
4
What is the units digit of 498?
8
What is the tens digit of 4836?
3
What is the hundreds digit of 28112?
1
What is the units digit of 156146?
6
What is the hundreds digit of 290?
2
What is the tens digit of 537?
3
What is the units digit of 48689?
9
What is the hundreds digit of 1028?
0
What is the thousands digit of 38302?
8
What is the tens digit of 1044?
4
What is the tens digit of 16886?
8
What is the units digit of 1273?
3
What is the units digit of 86?
6
What is the hundreds digit of 24579?
5
What is the units digit of 6494?
4
What is the tens digit of 138305?
0
What is the units digit of 2087?
7
What is the ten thousands digit of 14477?
1
What is the tens digit of 2820?
2
What is the hundreds digit of 11826?
8
What is the units digit of 7391?
1
What is the units digit of 2284?
4
What is the tens digit of 159880?
8
What is the tens digit of 7206?
0
What is the units digit of 14296?
6
What is the tens digit of 372?
7
What is the hundreds digit of 84550?
5
What is the hundreds digit of 2006?
0
What is the ten thousands digit of 10577?
1
What is the tens digit of 16012?
1
What is the tens digit of 2545?
4
What is the hundreds digit of 7936?
9
What is the hundreds digit of 12243?
2
What is the thousands digit of 29358?
9
What is the hundreds digit of 15293?
2
What is the hundreds digit of 68662?
6
What is the units digit of 7241?
1
What is the units digit of 3148?
8
What is the units digit of 17048?
8
What is the hundreds digit of 1665?
6
What is the tens digit of 346?
4
What is the hundreds digit of 54732?
7
What is the tens digit of 10191?
9
What is the hundreds digit of 40524?
5
What is the thousands digit of 27932?
7
What is the hundred thousands digit of 136570?
1
What is the hundreds digit of 9585?
5
What is the ten thousands digit of 31078?
3
What is the hundreds digit of 748?
7
What is the ten thousands digit of 52446?
5
What is the ten thousands digit of 74295?
7
What is the thousands digit of 1835?
1
What is the thousands digit of 11291?
1
What is the tens digit of 931?
3
What is the thousands digit of 74894?
4
What is the tens digit of 1071?
7
What is the units digit of 40944?
4
What is the tens digit of 69?
6
What is the hundreds digit of 20559?
5
What is the units digit of 36481?
1
What is the ten thousands digit of 69795?
6
What is the thousands digit of 3776?
3
What is the hundreds digit of 147?
1
What is the units digit of 67094?
4
What is the hundreds digit of 2202?
2
What is the thousands digit of 17570?
7
What is the thousands digit of 27848?
7
What is the hundreds digit of 1576?
5
What is the tens digit of 10317?
1
What is the tens digit of 2949?
4
What is the hundreds digit of 1710?
7
What is the thousands digit of 15115?
5
What is the thousands digit of 4734?
4
What is the ten thousands digit of 39837?
3
What is the ten thousands digit of 12163?
1
What is the hundreds digit of 8498?
4
What is the hundreds digit of 1379?
3
What is the tens digit of 45041?
4
What is the units digit of 21795?
5
What is the hundreds digit of 4418?
4
What is the hundreds digit of 1699?
6
What is the tens digit of 13283?
8
What is the units digit of 670?
0
What is the units digit of 2001?
1
What is the hundreds digit of 1005?
0
What is the hundreds digit of 7536?
5
What is the hundreds digit of 2240?
2
What is the hundreds digit of 21717?
7
What is the units digit of 3326?
6
What is the ten thousands digit of 39086?
3
What is the ten thousands digit of 12930?
1
What is the units digit of 38544?
4
What is the tens digit of 565?
6
What is the tens digit of 28899?
9
What is the hundreds digit of 1656?
6
What is the thousands digit of 2414?
2
What is the units digit of 19198?
8
What is the units digit of 497?
7
What is the units digit of 1052?
2
What is the ten thousands digit of 29511?
2
What is the hundreds digit of 81492?
4
What is the units digit of 9411?
1
What is the tens digit of 11790?
9
What is the units digit of 779?
9
What is the hundreds digit of 14927?
9
What is the units digit of 6644?
4
What is the tens digit of 1079?
7
What is the tens digit of 846?
4
What is the units digit of 7970?
0
What is the hundreds digit of 3335?
3
What is the thousands digit of 6463?
6
What is the tens digit of 114811?
1
What is the tens digit of 27474?
7
What is the thousands digit of 1173?
1
What is the hundreds digit of 3187?
1
What is the units digit of 8261?
1
What is the tens digit of 15?
1
What is the thousands digit of 33604?
3
What is the ten thousands digit of 59107?
5
What is the tens digit of 924?
2
What is the units digit of 78298?
8
What is the hundreds digit of 26656?
6
What is the ten thousands digit of 14445?
1
What is the units digit of 10619?
9
What is the ten thousands digit of 20968?
2
What is the ten thousands digit of 70384?
7
What is the tens digit of 13217?
1
What is the hundreds digit of 2710?
7
What is the hundreds digit of 666?
6
What is the ten thousands digit of 18357?
1
What is the thousands digit of 1797?
1
What is the tens digit of 980?
8
What is the thousands digit of 26475?
6
What is the hundreds digit of 952?
9
What is the hundreds digit of 10000?
0
What is the tens digit of 5707?
0
What is the hundreds digit of 1245?
2
What is the ten thousands digit of 82886?
8
What is the units digit of 12064?
4
What is the tens digit of 1049?
4
What is the hundreds digit of 3397?
3
What is the units digit of 468?
8
What is the tens digit of 644?
4
What is the thousands digit of 2780?
2
What is the units digit of 95784?
4
What is the tens digit of 767?
6
What is the tens digit of 1326?
2
What is the tens digit of 118156?
5
What is the units digit of 34733?
3
What is the ten thousands digit of 111910?
1
What is the units digit of 1403?
3
What is the hundreds digit of 672?
6
What is the tens digit of 264?
6
What is the tens digit of 1144?
4
What is the units digit of 38959?
9
What is the thousands digit of 16315?
6
What is the thousands digit of 112053?
2
What is the units digit of 1022?
2
What is the tens digit of 2824?
2
What is the tens digit of 21364?
6
What is the thousands digit of 2064?
2
What is the hundreds digit of 1848?
8
What is the hundreds digit of 277?
2
What is the thousands digit of 62902?
2
What is the hundreds digit of 1227?
2
What is the thousands digit of 3642?
3
What is the units digit of 916?
6
What is the ten thousands digit of 20373?
2
What is the hundreds digit of 1001?
0
What is the tens digit of 23324?
2
What is the thousands digit of 3989?
3
What is the tens digit of 6628?
2
What is the hundreds digit of 424?
4
What is the thousands digit of 1570?
1
What is the tens digit of 922?
2
What is the thousands digit of 24164?
4
What is the ten thousands digit of 16229?
1
What is the hundreds digit of 1763?
7
What is the hundreds digit of 2216?
2
What is the units digit of 131589?
9
What is the units digit of 3076?
6
What is the units digit of 8107?
7
What is the ten thousands digit of 32651?
3
What is the thousands digit of 11146?
1
What is the units digit of 433?
3
What is the thousands digit of 31201?
1
What is the thousands digit of 14225?
4
What is the units digit of 1560?
0
What is the units digit of 13185?
5
What is the tens digit of 4153?
5
What is the tens digit of 2139?
3
What is the thousands digit of 11496?
1
What is the hundreds digit of 128770?
7
What is the ten thousands digit of 19746?
1
What is the hundreds digit of 